r?
False
Is 974244217 a composite number?
False
Is 15896847 composite?
True
Is 23803254595 prime?
False
Is 213815450081 composite?
True
Is 15852969463 prime?
True
Is 3924508345 a prime number?
False
Is 2339061863 prime?
True
Is 1382209289 prime?
False
Is 180024179 composite?
False
Is 214063067 a composite number?
True
Is 9560608781 a prime number?
False
Is 4117050689 a composite number?
False
Is 74292121 prime?
False
Is 20531856053 a composite number?
False
Is 2956804183 composite?
False
Is 8664186383 a composite number?
False
Is 57880016619 a prime number?
False
Is 10102184473 prime?
False
Is 5617104646 prime?
False
Is 907799653 a composite number?
True
Is 2122282483 prime?
True
Is 1330801763 a composite number?
False
Is 395585783 prime?
False
Is 5907217271 a composite number?
True
Is 3499369781 prime?
True
Is 2003270559 prime?
False
Is 76623442157 a composite number?
False
Is 18218634119 composite?
True
Is 152802697 prime?
False
Is 15351153479 composite?
True
Is 693542477 prime?
True
Is 119563211 prime?
True
Is 205970747 a prime number?
True
Is 125932951 a prime number?
False
Is 142986307 a prime number?
False
Is 13747003441 composite?
False
Is 20471909047 a prime number?
False
Is 583999349 a prime number?
True
Is 2526428609 composite?
True
Is 1542825007 composite?
False
Is 4987191841 composite?
True
Is 114266714671 a composite number?
False
Is 17209079737 composite?
False
Is 10118240299 prime?
True
Is 2344629019 composite?
False
Is 13400760653 a composite number?
True
Is 952022587 a prime number?
False
Is 815225729 composite?
True
Is 46740583 composite?
True
Is 163658994427 a composite number?
True
Is 2669888005 composite?
True
Is 493649899 a prime number?
True
Is 7551449491 a composite number?
True
Is 5043879779 a composite number?
True
Is 10392476011 prime?
True
Is 217939871 prime?
True
Is 5577556199 a prime number?
True
Is 102325107 a prime number?
False
Is 28211570923 prime?
False
Is 29568961 composite?
True
Is 57171139 a composite number?
False
Is 42885626171 prime?
True
Is 943212499 prime?
True
Is 326740223 a composite number?
False
Is 360456245 a prime number?
False
Is 14670612569 a prime number?
True
Is 7883663023 a prime number?
True
Is 300209941 a composite number?
True
Is 5862857107 a composite number?
False
Is 175958623 composite?
True
Is 3138065363 composite?
False
Is 7898267501 composite?
True
Is 66362903 composite?
True
Is 90007692529 a prime number?
False
Is 4861505069 prime?
False
Is 4075795813 composite?
False
Is 2375577658 prime?
False
Is 8162735257 a prime number?
True
Is 706485769 prime?
False
Is 1028638343 a prime number?
False
Is 19599523213 prime?
True
Is 3185771209 composite?
True
Is 16422092887 a prime number?
True
Is 159124213 composite?
False
Is 5200026329 prime?
True
Is 6196490257 a prime number?
True
Is 876029741 a prime number?
True
Is 2551863511 a composite number?
False
Is 79489261 a prime number?
False
Is 29076397601 a prime number?
True
Is 7650395069 prime?
False
Is 77370487027 a composite number?
False
Is 54704441969 prime?
False
Is 10057729391 a prime number?
True
Is 358597793 a composite number?
True
Is 23103255589 a composite number?
True
Is 2293133419 prime?
False
Is 520144433 composite?
False
Is 34208151869 a prime number?
True
Is 723064613 a prime number?
False
Is 105344055381 prime?
False
Is 275680529 a composite number?
True
Is 4748208923 a prime number?
False
Is 1025849399 composite?
True
Is 41382053495 prime?
False
Is 1483223813 composite?
False
Is 1521280043 a prime number?
False
Is 12155902153 prime?
False
Is 40892163331 composite?
True
Is 620464415937 a prime number?
False
Is 2787497629 prime?
False
Is 18969248231 composite?
True
Is 3246489293 a composite number?
True
Is 64541368973 a composite number?
False
Is 48781454429 composite?
False
Is 2958531787 prime?
True
Is 358994533 composite?
False
Is 21921152899 a prime number?
False
Is 5157530237 a prime number?
False
Is 2194157909 composite?
True
Is 96219067157 prime?
True
Is 191240269 a prime number?
False
Is 38611900037 a composite number?
False
Is 94111361857 a composite number?
False
Is 87827339 composite?
True
Is 6326326373 a composite number?
False
Is 2419694899 a prime number?
True
Is 109303391737 a prime number?
True
Is 1286854201 composite?
False
Is 338151907 a composite number?
False
Is 13802074163 a composite number?
True
Is 37313261 a composite number?
False
Is 20497310129 a prime number?
True
Is 165408263 a prime number?
False
Is 185797193 prime?
True
Is 3012452747 prime?
True
Is 14789772343 composite?
False
Is 506431379 a prime number?
False
Is 11887140769 a prime number?
False
Is 16725725941 composite?
True
Is 46240018501 a composite number?
True
Is 20799482833 a composite number?
True
Is 95018138047 prime?
False
Is 5415833513 composite?
False
Is 92537930593 a prime number?
True
Is 198741013 prime?
True
Is 1247135213 prime?
False
Is 1287588811 a prime number?
True
Is 619002161 composite?
True
Is 2435335471 a prime number?
True
Is 4485168091 a composite number?
True
Is 36433477351 a prime number?
False
Is 2162399209 a composite number?
False
Is 293398541 prime?
True
Is 19449255341 prime?
True
Is 904146577 a composite number?
False
Is 2797836001 a prime number?
True
Is 8967121 a prime number?
False
Is 20459825447 composite?
True
Is 6818571481 prime?
True
Is 43196984113 prime?
False
Is 589367717 a composite number?
False
Is 2051381 a composite number?
True
Is 18312147107 a composite number?
True
Is 6845319959 composite?
False
Is 8606106217 composite?
True
Is 153158939 prime?
True
Is 1082261633 a composite number?
True
Is 982161293 composite?
False
Is 8150975617 a prime number?
False
Is 2352233327 composite?
False
Is 416390971 composite?
False
Is 42606726619 a prime number?
False
Is 3141097 prime?
True
Is 7862623189 composite?
False
Is 4515672983 prime?
False
Is 608924291 composite?
False
Is 4671059389 a composite number?
True
Is 3515970743 a composite number?
True
Is 6109752779 a composite number?
True
Is 4707310279 a prime number?
False
Is 1376511209 composite?
False
Is 277362999187 a composite number?
False
Is 78999787 prime?
True
Is 24869046023 a composite number?
True
Is 2156183941 a prime number?
False
Is 144003683 composite?
False
Is 194248692283 a composite number?
False
Is 7829197462 prime?
False
Is 3115039513 composite?
True
Is 483001063 composite?
False
Is 313734451 prime?
True
Is 1021626085 a prime number?
False
Is 2947031509 prime?
False
Is 26923190009 a composite number?
True
Is 449212531 a composite number?
True
Is 8743055821 prime?
False
Is 24806663237 prime?
True
Is 2360090741 a prime number?
False
Is 7194443093 composite?
False
Is 472944806 a composite number?
True
Is 30633336647 a composite number?
True
Is 2887159229 a composite number?
False
Is 1947022265 composite?
True
Is 4711701641 a prime number?
True
Is 1172799869 a composite number?
True
Is 1023117677 a composite number?
True
Is 708562007 composite?
False
Is 1751698219 prime?
False
Is 363961603 a composite number?
True
Is 9609267301 a prime number?
True
Is 36065452741 a prime number?
False
Is 850030427 a composite number?
True
Is 3526217237 a prime number?
True
Is 869124173 a prime number?
True
Is 215621057 composite?
False
Is 1842687733 prime?
False
Is 652622879 prime?
True
Is 34225269929 prime?
True
Is 4489262249 a composite number?
False
Is 5196852173 composite?
True
Is 3487556671 a composite number?
False
Is 108586554317 prime?
True
Is 1843142039 a prime number?
False
Is 305473513 composite?
False
Is 1118503637 a prime number?
True
Is 10643518507 a prime number?
True
Is 15066870391 a prime number?
True
Is 11760186181 a prime number?
False
Is 99372470711 a prime number?
True
Is 11619051767 composite?
False
Is 190669191589 a prime number?
True
Is 3364132097 a prime number?
True
Is 17435360549 prime?
True
Is 265225957 composite?
False
Is 1380136633 a composite number?
True
Is 26862004387 a composite number?
True
Is 221383033 composite?
True
Is 104405701 composite?
True
Is 703176289 a prime number?
True
Is 974903359 prime?
False
Is 59780806087 composite?
True
Is 1231627421 a composite number?
True
Is 3886368779 prime?
True
Is 1289863229 a prime number?
True
Is 697684469 prime?
False
Is 27135643753 a composite number?
True
Is 1177719743 prime?
False
Is 